{"id":2866,"date":"2024-06-25T21:01:16","date_gmt":"2024-06-25T21:01:16","guid":{"rendered":"https:\/\/teixeiradesign.com.br\/itneves\/?page_id=2866"},"modified":"2024-07-10T14:36:22","modified_gmt":"2024-07-10T14:36:22","slug":"servicos","status":"publish","type":"page","link":"https:\/\/itneves.com.br\/novo\/servicos\/","title":{"rendered":"Servi\u00e7os"},"content":{"rendered":"\t\t<div data-elementor-type=\"wp-page\" data-elementor-id=\"2866\" class=\"elementor elementor-2866\" data-elementor-post-type=\"page\">\n\t\t\t\t<div class=\"elementor-element elementor-element-a3680ba e-con-full e-flex lakit-col-width-auto-no e-container e-root-container elementor-top-section e-con e-parent\" data-id=\"a3680ba\" data-element_type=\"container\">\n\t\t\t\t<div class=\"elementor-element elementor-element-dc5572a elementor-widget elementor-widget-heading\" data-id=\"dc5572a\" data-element_type=\"widget\" data-widget_type=\"heading.default\">\n\t\t\t\t<div class=\"elementor-widget-container\">\n\t\t\t\t\t<h2 class=\"elementor-heading-title elementor-size-default\">Servi\u00e7os<\/h2>\t\t\t\t<\/div>\n\t\t\t\t<\/div>\n\t\t\t\t<\/div>\n\t\t<div class=\"elementor-element elementor-element-1f42b9d e-con-full e-flex lakit-col-width-auto-no e-container e-root-container elementor-top-section e-con e-parent\" data-id=\"1f42b9d\" data-element_type=\"container\">\n\t\t<div class=\"elementor-element elementor-element-71df80c e-con-full e-flex lakit-col-width-auto-no e-container e-con e-child\" data-id=\"71df80c\" data-element_type=\"container\">\n\t\t\t\t<div class=\"elementor-element elementor-element-e5fd574 elementor-widget elementor-widget-heading\" data-id=\"e5fd574\" data-element_type=\"widget\" data-widget_type=\"heading.default\">\n\t\t\t\t<div class=\"elementor-widget-container\">\n\t\t\t\t\t<h2 class=\"elementor-heading-title elementor-size-default\">PROJETO<\/h2>\t\t\t\t<\/div>\n\t\t\t\t<\/div>\n\t\t\t\t<div class=\"elementor-element elementor-element-70dae2f elementor-widget-divider--view-line elementor-widget elementor-widget-divider\" data-id=\"70dae2f\" data-element_type=\"widget\" data-widget_type=\"divider.default\">\n\t\t\t\t<div class=\"elementor-widget-container\">\n\t\t\t\t\t\t\t<div class=\"elementor-divider\">\n\t\t\t<span class=\"elementor-divider-separator\">\n\t\t\t\t\t\t<\/span>\n\t\t<\/div>\n\t\t\t\t\t\t<\/div>\n\t\t\t\t<\/div>\n\t\t\t\t<div class=\"elementor-element elementor-element-d3f7565 elementor-widget elementor-widget-text-editor\" data-id=\"d3f7565\" data-element_type=\"widget\" data-widget_type=\"text-editor.default\">\n\t\t\t\t<div class=\"elementor-widget-container\">\n\t\t\t\t\t\t\t\t\t<p>Realizamos o briefing com o cliente e identificamos as reais necessidades do projeto, estudando as possibilidades de acordo com espa\u00e7o.<\/p><p>Durante a fase de projeto, criamos o conceito, desenvolvemos os layouts, e as solu\u00e7\u00f5es dos ambientes.<\/p>\t\t\t\t\t\t\t\t<\/div>\n\t\t\t\t<\/div>\n\t\t\t\t<\/div>\n\t\t<div class=\"elementor-element elementor-element-9c1c48e e-con-full e-flex lakit-col-width-auto-no e-container e-con e-child\" data-id=\"9c1c48e\" data-element_type=\"container\">\n\t\t\t\t<div class=\"elementor-element elementor-element-b380bca elementor-widget elementor-widget-heading\" data-id=\"b380bca\" data-element_type=\"widget\" data-widget_type=\"heading.default\">\n\t\t\t\t<div class=\"elementor-widget-container\">\n\t\t\t\t\t<h2 class=\"elementor-heading-title elementor-size-default\">CONTRATA\u00c7\u00c3O OBRA CIVIL<\/h2>\t\t\t\t<\/div>\n\t\t\t\t<\/div>\n\t\t\t\t<div class=\"elementor-element elementor-element-096552d elementor-widget-divider--view-line elementor-widget elementor-widget-divider\" data-id=\"096552d\" data-element_type=\"widget\" data-widget_type=\"divider.default\">\n\t\t\t\t<div class=\"elementor-widget-container\">\n\t\t\t\t\t\t\t<div class=\"elementor-divider\">\n\t\t\t<span class=\"elementor-divider-separator\">\n\t\t\t\t\t\t<\/span>\n\t\t<\/div>\n\t\t\t\t\t\t<\/div>\n\t\t\t\t<\/div>\n\t\t\t\t<div class=\"elementor-element elementor-element-279ab8d elementor-widget elementor-widget-text-editor\" data-id=\"279ab8d\" data-element_type=\"widget\" data-widget_type=\"text-editor.default\">\n\t\t\t\t<div class=\"elementor-widget-container\">\n\t\t\t\t\t\t\t\t\t<p>Definimos o escopo t\u00e9cnico e fazemos a planilha padr\u00e3o com o levantamento dos \u00edtens necess\u00e1rios para realizar a contrata\u00e7\u00e3o da obra civil.<\/p><p>Equalizamos as propostas t\u00e9cnicas e comerciais para orientar a contrata\u00e7\u00e3o junto ao departamento de compras.<\/p>\t\t\t\t\t\t\t\t<\/div>\n\t\t\t\t<\/div>\n\t\t\t\t<\/div>\n\t\t<div class=\"elementor-element elementor-element-f2ed112 e-con-full e-flex lakit-col-width-auto-no e-container e-con e-child\" data-id=\"f2ed112\" data-element_type=\"container\">\n\t\t\t\t<div class=\"elementor-element elementor-element-f5a5404 elementor-widget elementor-widget-heading\" data-id=\"f5a5404\" data-element_type=\"widget\" data-widget_type=\"heading.default\">\n\t\t\t\t<div class=\"elementor-widget-container\">\n\t\t\t\t\t<h2 class=\"elementor-heading-title elementor-size-default\">GERENCIAMENTO<\/h2>\t\t\t\t<\/div>\n\t\t\t\t<\/div>\n\t\t\t\t<div class=\"elementor-element elementor-element-92e13c2 elementor-widget-divider--view-line elementor-widget elementor-widget-divider\" data-id=\"92e13c2\" data-element_type=\"widget\" data-widget_type=\"divider.default\">\n\t\t\t\t<div class=\"elementor-widget-container\">\n\t\t\t\t\t\t\t<div class=\"elementor-divider\">\n\t\t\t<span class=\"elementor-divider-separator\">\n\t\t\t\t\t\t<\/span>\n\t\t<\/div>\n\t\t\t\t\t\t<\/div>\n\t\t\t\t<\/div>\n\t\t\t\t<div class=\"elementor-element elementor-element-2c37617 elementor-widget elementor-widget-text-editor\" data-id=\"2c37617\" data-element_type=\"widget\" data-widget_type=\"text-editor.default\">\n\t\t\t\t<div class=\"elementor-widget-container\">\n\t\t\t\t\t\t\t\t\t<p>Partimos da elabora\u00e7\u00e3o do planejamento f\u00edsico-financeiro, aquisi\u00e7\u00e3o de servi\u00e7os e materiais, gerenciamento log\u00edstico e operacional.<\/p><p>Supervisionamos a construtora para garantir que a obra esteja de acordo, com a legisla\u00e7\u00e3o local e obedecendo o projeto.<\/p>\t\t\t\t\t\t\t\t<\/div>\n\t\t\t\t<\/div>\n\t\t\t\t<\/div>\n\t\t\t\t<\/div>\n\t\t<div class=\"elementor-element elementor-element-14de201c e-con-full e-flex lakit-col-width-auto-no e-container e-root-container elementor-top-section e-con e-parent\" data-id=\"14de201c\" data-element_type=\"container\" data-settings=\"{&quot;background_background&quot;:&quot;classic&quot;}\">\n\t\t\t\t<div class=\"elementor-element elementor-element-cc25b33 elementor-widget elementor-widget-heading\" data-id=\"cc25b33\" data-element_type=\"widget\" data-widget_type=\"heading.default\">\n\t\t\t\t<div class=\"elementor-widget-container\">\n\t\t\t\t\t<h2 class=\"elementor-heading-title elementor-size-default\">Nossos espa\u00e7os inspiram a transforma\u00e7\u00e3o, estimulam a criatividade e promovem a conex\u00e3o entre pessoas e ideias.<\/h2>\t\t\t\t<\/div>\n\t\t\t\t<\/div>\n\t\t\t\t<div class=\"elementor-element elementor-element-88e138f elementor-align-center elementor-widget lastudio-kit elementor-lakit-button\" data-id=\"88e138f\" data-element_type=\"widget\" data-widget_type=\"lakit-button.default\">\n\t\t\t\t\t        <a href=\"https:\/\/itneves.com.br\/novo\/servicos\/\" class=\"elementor-button-link elementor-button elementor-btn-align-icon- elementor-size-sm\" role=\"button\">\n                    <span class=\"elementor-button-content-wrapper\">\n\t\t\t\t\t\t<span class=\"elementor-button-text\">Conhe\u00e7a Nossos Projetos<\/span>\n\t\t<\/span>\n                <\/a>\n        \t\t\t\t<\/div>\n\t\t\t\t<\/div>\n\t\t\t\t<\/div>\n\t\t","protected":false},"excerpt":{"rendered":"<p>Servi\u00e7os PROJETO Realizamos o briefing com o cliente e identificamos as reais necessidades do projeto, estudando as possibilidades de acordo [&hellip;]<\/p>\n","protected":false},"author":1,"featured_media":0,"parent":0,"menu_order":0,"comment_status":"closed","ping_status":"closed","template":"elementor_header_footer","meta":{"_acf_changed":false,"footnotes":""},"class_list":["post-2866","page","type-page","status-publish","hentry"],"acf":[],"_links":{"self":[{"href":"https:\/\/itneves.com.br\/novo\/wp-json\/wp\/v2\/pages\/2866","targetHints":{"allow":["GET"]}}],"collection":[{"href":"https:\/\/itneves.com.br\/novo\/wp-json\/wp\/v2\/pages"}],"about":[{"href":"https:\/\/itneves.com.br\/novo\/wp-json\/wp\/v2\/types\/page"}],"author":[{"embeddable":true,"href":"https:\/\/itneves.com.br\/novo\/wp-json\/wp\/v2\/users\/1"}],"replies":[{"embeddable":true,"href":"https:\/\/itneves.com.br\/novo\/wp-json\/wp\/v2\/comments?post=2866"}],"version-history":[{"count":46,"href":"https:\/\/itneves.com.br\/novo\/wp-json\/wp\/v2\/pages\/2866\/revisions"}],"predecessor-version":[{"id":3268,"href":"https:\/\/itneves.com.br\/novo\/wp-json\/wp\/v2\/pages\/2866\/revisions\/3268"}],"wp:attachment":[{"href":"https:\/\/itneves.com.br\/novo\/wp-json\/wp\/v2\/media?parent=2866"}],"curies":[{"name":"wp","href":"https:\/\/api.w.org\/{rel}","templated":true}]}}